[INFO] cloning repository https://github.com/flyq/simple_keystore
[INFO] running `Command { std: "git" "-c" "credential.helper=" "-c" "credential.helper=/workspace/cargo-home/bin/git-credential-null" "clone" "--bare" "https://github.com/flyq/simple_keystore" "/workspace/cache/git-repos/https%3A%2F%2Fgithub.com%2Fflyq%2Fsimple_keystore", kill_on_drop: false }`
[INFO] [stderr] Cloning into bare repository '/workspace/cache/git-repos/https%3A%2F%2Fgithub.com%2Fflyq%2Fsimple_keystore'...
[INFO] running `Command { std: "git" "rev-parse" "HEAD", kill_on_drop: false }`
[INFO] [stdout] 4d56f6914597b009247fbcb01172cb47b28d4c52
[INFO] building flyq/simple_keystore against master#ff34b919075f35a1787659e9c448a34b06bab8de for issue-85264
[INFO] running `Command { std: "git" "clone" "/workspace/cache/git-repos/https%3A%2F%2Fgithub.com%2Fflyq%2Fsimple_keystore" "/workspace/builds/worker-5/source", kill_on_drop: false }`
[INFO] [stderr] Cloning into '/workspace/builds/worker-5/source'...
[INFO] [stderr] done.
[INFO] validating manifest of git repo https://github.com/flyq/simple_keystore on toolchain ff34b919075f35a1787659e9c448a34b06bab8de
[INFO] running `Command { std: "/workspace/cargo-home/bin/cargo" "+ff34b919075f35a1787659e9c448a34b06bab8de" "metadata" "--manifest-path" "Cargo.toml" "--no-deps", kill_on_drop: false }`
[INFO] started tweaking git repo https://github.com/flyq/simple_keystore
[INFO] finished tweaking git repo https://github.com/flyq/simple_keystore
[INFO] tweaked toml for git repo https://github.com/flyq/simple_keystore written to /workspace/builds/worker-5/source/Cargo.toml
[INFO] crate git repo https://github.com/flyq/simple_keystore already has a lockfile, it will not be regenerated
[INFO] running `Command { std: "/workspace/cargo-home/bin/cargo" "+ff34b919075f35a1787659e9c448a34b06bab8de" "fetch" "--manifest-path" "Cargo.toml", kill_on_drop: false }`
[INFO] [stderr]     Blocking waiting for file lock on package cache
[INFO] running `Command { std: "docker" "create" "-v" "/var/lib/crater-agent-workspace/builds/worker-5/target:/opt/rustwide/target:rw,Z" "-v" "/var/lib/crater-agent-workspace/builds/worker-5/source:/opt/rustwide/workdir:ro,Z" "-v" "/var/lib/crater-agent-workspace/cargo-home:/opt/rustwide/cargo-home:ro,Z" "-v" "/var/lib/crater-agent-workspace/rustup-home:/opt/rustwide/rustup-home:ro,Z" "-e" "SOURCE_DIR=/opt/rustwide/workdir" "-e" "CARGO_TARGET_DIR=/opt/rustwide/target" "-e" "CARGO_HOME=/opt/rustwide/cargo-home" "-e" "RUSTUP_HOME=/opt/rustwide/rustup-home" "-w" "/opt/rustwide/workdir" "-m" "1610612736" "--user" "0:0" "--network" "none" "ghcr.io/rust-lang/crates-build-env/linux@sha256:20528e8c29e4536546f0102ce88568b16ea7538393a33fcca951030f7af10457" "/opt/rustwide/cargo-home/bin/cargo" "+ff34b919075f35a1787659e9c448a34b06bab8de" "metadata" "--no-deps" "--format-version=1", kill_on_drop: false }`
[INFO] [stdout] bb9b848fe8b88bf40c77387f7dfdd01c3d55aa97031460d456609e230e6f3420
[INFO] [stderr] WARNING: Your kernel does not support swap limit capabilities or the cgroup is not mounted. Memory limited without swap.
[INFO] running `Command { std: "docker" "start" "-a" "bb9b848fe8b88bf40c77387f7dfdd01c3d55aa97031460d456609e230e6f3420", kill_on_drop: false }`
[INFO] running `Command { std: "docker" "inspect" "bb9b848fe8b88bf40c77387f7dfdd01c3d55aa97031460d456609e230e6f3420", kill_on_drop: false }`
[INFO] running `Command { std: "docker" "rm" "-f" "bb9b848fe8b88bf40c77387f7dfdd01c3d55aa97031460d456609e230e6f3420", kill_on_drop: false }`
[INFO] [stdout] bb9b848fe8b88bf40c77387f7dfdd01c3d55aa97031460d456609e230e6f3420
[INFO] running `Command { std: "docker" "create" "-v" "/var/lib/crater-agent-workspace/builds/worker-5/target:/opt/rustwide/target:rw,Z" "-v" "/var/lib/crater-agent-workspace/builds/worker-5/source:/opt/rustwide/workdir:ro,Z" "-v" "/var/lib/crater-agent-workspace/cargo-home:/opt/rustwide/cargo-home:ro,Z" "-v" "/var/lib/crater-agent-workspace/rustup-home:/opt/rustwide/rustup-home:ro,Z" "-e" "SOURCE_DIR=/opt/rustwide/workdir" "-e" "CARGO_TARGET_DIR=/opt/rustwide/target" "-e" "CARGO_INCREMENTAL=0" "-e" "RUST_BACKTRACE=full" "-e" "RUSTFLAGS=--cap-lints=forbid" "-e" "CARGO_HOME=/opt/rustwide/cargo-home" "-e" "RUSTUP_HOME=/opt/rustwide/rustup-home" "-w" "/opt/rustwide/workdir" "-m" "1610612736" "--user" "0:0" "--network" "none" "ghcr.io/rust-lang/crates-build-env/linux@sha256:20528e8c29e4536546f0102ce88568b16ea7538393a33fcca951030f7af10457" "/opt/rustwide/cargo-home/bin/cargo" "+ff34b919075f35a1787659e9c448a34b06bab8de" "build" "--frozen" "--message-format=json", kill_on_drop: false }`
[INFO] [stdout] 399c52511ab5f198778ced37092086f0cb5c3fcb9cccbdf716d49c10454474ab
[INFO] [stderr] WARNING: Your kernel does not support swap limit capabilities or the cgroup is not mounted. Memory limited without swap.
[INFO] running `Command { std: "docker" "start" "-a" "399c52511ab5f198778ced37092086f0cb5c3fcb9cccbdf716d49c10454474ab", kill_on_drop: false }`
[INFO] [stderr]    Compiling libc v0.2.67
[INFO] [stderr]    Compiling byteorder v1.3.4
[INFO] [stderr]    Compiling cc v1.0.41
[INFO] [stderr]    Compiling proc-macro2 v1.0.9
[INFO] [stderr]    Compiling proc-macro2 v0.4.30
[INFO] [stderr]    Compiling syn v1.0.16
[INFO] [stderr]    Compiling unicode-xid v0.1.0
[INFO] [stderr]    Compiling syn v0.15.44
[INFO] [stderr]    Compiling crunchy v0.2.2
[INFO] [stderr]    Compiling subtle v1.0.0
[INFO] [stderr]    Compiling memchr v2.3.3
[INFO] [stderr]    Compiling constant_time_eq v0.1.5
[INFO] [stderr]    Compiling serde v1.0.104
[INFO] [stderr]    Compiling arrayref v0.3.6
[INFO] [stderr]    Compiling failure_derive v0.1.7
[INFO] [stderr]    Compiling quick-error v1.2.3
[INFO] [stderr]    Compiling spin v0.5.2
[INFO] [stderr]    Compiling subtle v2.2.2
[INFO] [stderr]    Compiling rustc-demangle v0.1.16
[INFO] [stderr]    Compiling rustc-hex v2.1.0
[INFO] [stderr]    Compiling regex-syntax v0.6.16
[INFO] [stderr]    Compiling zeroize v1.1.0
[INFO] [stderr]    Compiling itoa v0.4.5
[INFO] [stderr]    Compiling rand_core v0.3.1
[INFO] [stderr]    Compiling rand_chacha v0.1.1
[INFO] [stderr]    Compiling rand_pcg v0.1.2
[INFO] [stderr]    Compiling rand v0.6.5
[INFO] [stderr]    Compiling thread_local v1.0.1
[INFO] [stderr]    Compiling block-buffer v0.3.3
[INFO] [stderr]    Compiling humantime v1.3.0
[INFO] [stderr]    Compiling rand_isaac v0.1.1
[INFO] [stderr]    Compiling rand_xorshift v0.1.1
[INFO] [stderr]    Compiling rand_hc v0.1.0
[INFO] [stderr]    Compiling generic-array v0.12.3
[INFO] [stderr]    Compiling crypto-mac v0.6.2
[INFO] [stderr]    Compiling sha2 v0.7.1
[INFO] [stderr]    Compiling tiny-keccak v1.5.0
[INFO] [stderr]    Compiling hmac v0.6.3
[INFO] [stderr]    Compiling block-cipher-trait v0.6.2
[INFO] [stderr]    Compiling digest v0.8.1
[INFO] [stderr]    Compiling stream-cipher v0.3.2
[INFO] [stderr]    Compiling crypto-mac v0.7.0
[INFO] [stderr]    Compiling aho-corasick v0.7.10
[INFO] [stderr]    Compiling block-modes v0.3.3
[INFO] [stderr]    Compiling ctr v0.3.2
[INFO] [stderr]    Compiling hmac v0.7.1
[INFO] [stderr]    Compiling block-buffer v0.7.3
[INFO] [stderr]    Compiling aes-soft v0.3.3
[INFO] [stderr]    Compiling base64 v0.9.3
[INFO] [stderr]    Compiling pbkdf2 v0.2.3
[INFO] [stderr]    Compiling quote v1.0.3
[INFO] [stderr]    Compiling scrypt v0.1.2
[INFO] [stderr]    Compiling sha2 v0.8.1
[INFO] [stderr]    Compiling ripemd160 v0.8.0
[INFO] [stderr]    Compiling getrandom v0.1.14
[INFO] [stderr]    Compiling rand v0.5.6
[INFO] [stderr]    Compiling rand_os v0.1.3
[INFO] [stderr]    Compiling atty v0.2.14
[INFO] [stderr]    Compiling quote v0.6.13
[INFO] [stderr]    Compiling backtrace-sys v0.1.34
[INFO] [stderr]    Compiling ring v0.14.6
[INFO] [stderr]    Compiling secp256k1 v0.15.5
[INFO] [stderr]    Compiling secp256k1 v0.12.0
[INFO] [stderr]    Compiling aes v0.3.2
[INFO] [stderr]    Compiling aes-ctr v0.3.0
[INFO] [stderr]    Compiling rand_core v0.5.1
[INFO] [stderr]    Compiling rand_chacha v0.2.2
[INFO] [stderr]    Compiling rand v0.7.3
[INFO] [stderr]    Compiling pbkdf2 v0.3.0
[INFO] [stderr]    Compiling uuid v0.7.4
[INFO] [stderr]    Compiling scrypt v0.2.0
[INFO] [stderr]    Compiling backtrace v0.3.45
[INFO] [stderr]    Compiling regex v1.3.4
[INFO] [stderr]    Compiling env_logger v0.5.13
[INFO] [stderr]    Compiling parity-crypto v0.3.1
[INFO] [stderr]    Compiling synstructure v0.10.2
[INFO] [stderr]    Compiling synstructure v0.12.3
[INFO] [stderr]    Compiling zeroize_derive v0.9.3
[INFO] [stderr]    Compiling serde_derive v1.0.104
[INFO] [stderr]    Compiling zeroize v0.9.3
[INFO] [stderr]    Compiling parity-crypto v0.4.2
[INFO] [stderr]    Compiling failure v0.1.7
[INFO] [stderr]    Compiling ethsign v0.7.3
[INFO] [stderr]    Compiling serde_json v1.0.48
[INFO] [stderr]    Compiling simple_keystore v0.1.0 (/opt/rustwide/workdir)
[INFO] [stderr]     Finished dev [unoptimized + debuginfo] target(s) in 1m 09s
[INFO] running `Command { std: "docker" "inspect" "399c52511ab5f198778ced37092086f0cb5c3fcb9cccbdf716d49c10454474ab", kill_on_drop: false }`
[INFO] running `Command { std: "docker" "rm" "-f" "399c52511ab5f198778ced37092086f0cb5c3fcb9cccbdf716d49c10454474ab", kill_on_drop: false }`
[INFO] [stdout] 399c52511ab5f198778ced37092086f0cb5c3fcb9cccbdf716d49c10454474ab
[INFO] running `Command { std: "docker" "create" "-v" "/var/lib/crater-agent-workspace/builds/worker-5/target:/opt/rustwide/target:rw,Z" "-v" "/var/lib/crater-agent-workspace/builds/worker-5/source:/opt/rustwide/workdir:ro,Z" "-v" "/var/lib/crater-agent-workspace/cargo-home:/opt/rustwide/cargo-home:ro,Z" "-v" "/var/lib/crater-agent-workspace/rustup-home:/opt/rustwide/rustup-home:ro,Z" "-e" "SOURCE_DIR=/opt/rustwide/workdir" "-e" "CARGO_TARGET_DIR=/opt/rustwide/target" "-e" "CARGO_INCREMENTAL=0" "-e" "RUST_BACKTRACE=full" "-e" "RUSTFLAGS=--cap-lints=forbid" "-e" "CARGO_HOME=/opt/rustwide/cargo-home" "-e" "RUSTUP_HOME=/opt/rustwide/rustup-home" "-w" "/opt/rustwide/workdir" "-m" "1610612736" "--user" "0:0" "--network" "none" "ghcr.io/rust-lang/crates-build-env/linux@sha256:20528e8c29e4536546f0102ce88568b16ea7538393a33fcca951030f7af10457" "/opt/rustwide/cargo-home/bin/cargo" "+ff34b919075f35a1787659e9c448a34b06bab8de" "test" "--frozen" "--no-run" "--message-format=json", kill_on_drop: false }`
[INFO] [stdout] d9e4e111de960767140f7ba238f60d65d6ec8c1af7c541414cc2e8da44ca321c
[INFO] [stderr] WARNING: Your kernel does not support swap limit capabilities or the cgroup is not mounted. Memory limited without swap.
[INFO] running `Command { std: "docker" "start" "-a" "d9e4e111de960767140f7ba238f60d65d6ec8c1af7c541414cc2e8da44ca321c", kill_on_drop: false }`
[INFO] [stderr]    Compiling remove_dir_all v0.5.2
[INFO] [stderr]    Compiling tempfile v3.1.0
[INFO] [stderr]    Compiling simple_keystore v0.1.0 (/opt/rustwide/workdir)
[INFO] [stdout] error[E0432]: unresolved import `crate::prelude`
[INFO] [stdout]    --> src/ethkey.rs:180:16
[INFO] [stdout]     |
[INFO] [stdout] 180 |     use crate::prelude::*;
[INFO] [stdout]     |                ^^^^^^^
[INFO] [stdout]     |                |
[INFO] [stdout]     |                unresolved import
[INFO] [stdout]     |                help: a similar path exists: `core::prelude`
[INFO] [stdout] 
[INFO] [stdout] 
[INFO] [stdout] error[E0433]: failed to resolve: use of undeclared type `EthAccount`
[INFO] [stdout]    --> src/ethkey.rs:203:19
[INFO] [stdout]     |
[INFO] [stdout] 203 |         let key = EthAccount::load_or_generate(&path, pwd);
[INFO] [stdout]     |                   ^^^^^^^^^^ not found in this scope
[INFO] [stdout]     |
[INFO] [stdout] help: consider importing this struct
[INFO] [stdout]     |
[INFO] [stdout] 174 |     use crate::EthAccount;
[INFO] [stdout]     |
[INFO] [stdout] 
[INFO] [stdout] 
[INFO] [stdout] error[E0433]: failed to resolve: use of undeclared type `EthAccount`
[INFO] [stdout]    --> src/ethkey.rs:211:20
[INFO] [stdout]     |
[INFO] [stdout] 211 |         let key1 = EthAccount::load_or_generate(&path, pwd).unwrap();
[INFO] [stdout]     |                    ^^^^^^^^^^ not found in this scope
[INFO] [stdout]     |
[INFO] [stdout] help: consider importing this struct
[INFO] [stdout]     |
[INFO] [stdout] 174 |     use crate::EthAccount;
[INFO] [stdout]     |
[INFO] [stdout] 
[INFO] [stdout] 
[INFO] [stdout] error[E0433]: failed to resolve: use of undeclared type `EthAccount`
[INFO] [stdout]    --> src/ethkey.rs:224:19
[INFO] [stdout]     |
[INFO] [stdout] 224 |         let key = EthAccount::load_or_generate(dir_path, "pwd");
[INFO] [stdout]     |                   ^^^^^^^^^^ not found in this scope
[INFO] [stdout]     |
[INFO] [stdout] help: consider importing this struct
[INFO] [stdout]     |
[INFO] [stdout] 174 |     use crate::EthAccount;
[INFO] [stdout]     |
[INFO] [stdout] 
[INFO] [stdout] 
[INFO] [stdout] error[E0433]: failed to resolve: use of undeclared type `EthAccount`
[INFO] [stdout]    --> src/ethkey.rs:234:19
[INFO] [stdout]     |
[INFO] [stdout] 234 |         let key = EthAccount::load_or_generate("/a", "pwd");
[INFO] [stdout]     |                   ^^^^^^^^^^ not found in this scope
[INFO] [stdout]     |
[INFO] [stdout] help: consider importing this struct
[INFO] [stdout]     |
[INFO] [stdout] 174 |     use crate::EthAccount;
[INFO] [stdout]     |
[INFO] [stdout] 
[INFO] [stdout] 
[INFO] [stdout] error[E0433]: failed to resolve: use of undeclared type `EthAccount`
[INFO] [stdout]    --> src/ethkey.rs:250:19
[INFO] [stdout]     |
[INFO] [stdout] 250 |         let key = EthAccount::load_or_generate(&path, "pwd").unwrap();
[INFO] [stdout]     |                   ^^^^^^^^^^ not found in this scope
[INFO] [stdout]     |
[INFO] [stdout] help: consider importing this struct
[INFO] [stdout]     |
[INFO] [stdout] 174 |     use crate::EthAccount;
[INFO] [stdout]     |
[INFO] [stdout] 
[INFO] [stdout] 
[INFO] [stdout] error[E0433]: failed to resolve: use of undeclared type `EthAccount`
[INFO] [stdout]    --> src/ethkey.rs:266:19
[INFO] [stdout]     |
[INFO] [stdout] 266 |         let key = EthAccount::load_or_generate("res/geth-keystore.json", "geth").unwrap();
[INFO] [stdout]     |                   ^^^^^^^^^^ not found in this scope
[INFO] [stdout]     |
[INFO] [stdout] help: consider importing this struct
[INFO] [stdout]     |
[INFO] [stdout] 174 |     use crate::EthAccount;
[INFO] [stdout]     |
[INFO] [stdout] 
[INFO] [stdout] 
[INFO] [stdout] error[E0433]: failed to resolve: use of undeclared type `EthAccount`
[INFO] [stdout]    --> src/ethkey.rs:279:19
[INFO] [stdout]     |
[INFO] [stdout] 279 |         let key = EthAccount::load_or_generate("res/parity-keystore.json", "").unwrap();
[INFO] [stdout]     |                   ^^^^^^^^^^ not found in this scope
[INFO] [stdout]     |
[INFO] [stdout] help: consider importing this struct
[INFO] [stdout]     |
[INFO] [stdout] 174 |     use crate::EthAccount;
[INFO] [stdout]     |
[INFO] [stdout] 
[INFO] [stdout] 
[INFO] [stdout] error[E0433]: failed to resolve: use of undeclared type `EthAccount`
[INFO] [stdout]    --> src/ethkey.rs:292:19
[INFO] [stdout]     |
[INFO] [stdout] 292 |         let key = EthAccount::load_or_generate("res/pyethereum-keystore.json", "hekloo").unwrap();
[INFO] [stdout]     |                   ^^^^^^^^^^ not found in this scope
[INFO] [stdout]     |
[INFO] [stdout] help: consider importing this struct
[INFO] [stdout]     |
[INFO] [stdout] 174 |     use crate::EthAccount;
[INFO] [stdout]     |
[INFO] [stdout] 
[INFO] [stdout] 
[INFO] [stdout] error[E0433]: failed to resolve: use of undeclared type `EthAccount`
[INFO] [stdout]    --> src/ethkey.rs:308:19
[INFO] [stdout]     |
[INFO] [stdout] 308 |         let key = EthAccount::load_or_generate(&rel_path, "hekloo").unwrap();
[INFO] [stdout]     |                   ^^^^^^^^^^ not found in this scope
[INFO] [stdout]     |
[INFO] [stdout] help: consider importing this struct
[INFO] [stdout]     |
[INFO] [stdout] 174 |     use crate::EthAccount;
[INFO] [stdout]     |
[INFO] [stdout] 
[INFO] [stdout] 
[INFO] [stdout] error[E0433]: failed to resolve: use of undeclared type `EthAccount`
[INFO] [stdout]    --> src/ethkey.rs:321:19
[INFO] [stdout]     |
[INFO] [stdout] 321 |         let key = EthAccount::load_or_generate(&path, pwd);
[INFO] [stdout]     |                   ^^^^^^^^^^ not found in this scope
[INFO] [stdout]     |
[INFO] [stdout] help: consider importing this struct
[INFO] [stdout]     |
[INFO] [stdout] 174 |     use crate::EthAccount;
[INFO] [stdout]     |
[INFO] [stdout] 
[INFO] [stdout] 
[INFO] [stdout] error[E0433]: failed to resolve: use of undeclared type `EthAccount`
[INFO] [stdout]    --> src/ethkey.rs:328:17
[INFO] [stdout]     |
[INFO] [stdout] 328 |         assert!(EthAccount::load_or_generate(&path, pwd).is_err());
[INFO] [stdout]     |                 ^^^^^^^^^^ not found in this scope
[INFO] [stdout]     |
[INFO] [stdout] help: consider importing this struct
[INFO] [stdout]     |
[INFO] [stdout] 174 |     use crate::EthAccount;
[INFO] [stdout]     |
[INFO] [stdout] 
[INFO] [stdout] 
[INFO] [stdout] error[E0433]: failed to resolve: use of undeclared type `EthAccount`
[INFO] [stdout]    --> src/ethkey.rs:337:19
[INFO] [stdout]     |
[INFO] [stdout] 337 |         let key = EthAccount::load_or_generate(&path, "pwd");
[INFO] [stdout]     |                   ^^^^^^^^^^ not found in this scope
[INFO] [stdout]     |
[INFO] [stdout] help: consider importing this struct
[INFO] [stdout]     |
[INFO] [stdout] 174 |     use crate::EthAccount;
[INFO] [stdout]     |
[INFO] [stdout] 
[INFO] [stdout] 
[INFO] [stdout] error[E0433]: failed to resolve: use of undeclared type `EthAccount`
[INFO] [stdout]    --> src/ethkey.rs:347:17
[INFO] [stdout]     |
[INFO] [stdout] 347 |         assert!(EthAccount::load_or_generate(&path, pwd1).is_ok());
[INFO] [stdout]     |                 ^^^^^^^^^^ not found in this scope
[INFO] [stdout]     |
[INFO] [stdout] help: consider importing this struct
[INFO] [stdout]     |
[INFO] [stdout] 174 |     use crate::EthAccount;
[INFO] [stdout]     |
[INFO] [stdout] 
[INFO] [stdout] 
[INFO] [stdout] error[E0433]: failed to resolve: use of undeclared type `EthAccount`
[INFO] [stdout]    --> src/ethkey.rs:356:19
[INFO] [stdout]     |
[INFO] [stdout] 356 |         let key = EthAccount::load_or_generate(&tmp_path(), "pwd").unwrap();
[INFO] [stdout]     |                   ^^^^^^^^^^ not found in this scope
[INFO] [stdout]     |
[INFO] [stdout] help: consider importing this struct
[INFO] [stdout]     |
[INFO] [stdout] 174 |     use crate::EthAccount;
[INFO] [stdout]     |
[INFO] [stdout] 
[INFO] [stdout] 
[INFO] [stdout] error[E0433]: failed to resolve: use of undeclared type `EthAccount`
[INFO] [stdout]    --> src/ethkey.rs:370:19
[INFO] [stdout]     |
[INFO] [stdout] 370 |         let key = EthAccount::load_or_generate(&abs_path, "hekloo");
[INFO] [stdout]     |                   ^^^^^^^^^^ not found in this scope
[INFO] [stdout]     |
[INFO] [stdout] help: consider importing this struct
[INFO] [stdout]     |
[INFO] [stdout] 174 |     use crate::EthAccount;
[INFO] [stdout]     |
[INFO] [stdout] 
[INFO] [stdout] 
[INFO] [stdout] error[E0433]: failed to resolve: use of undeclared type `EthAccount`
[INFO] [stdout]    --> src/ethkey.rs:388:19
[INFO] [stdout]     |
[INFO] [stdout] 388 |         let key = EthAccount::load_or_generate(&abs_path, "hekloo");
[INFO] [stdout]     |                   ^^^^^^^^^^ not found in this scope
[INFO] [stdout]     |
[INFO] [stdout] help: consider importing this struct
[INFO] [stdout]     |
[INFO] [stdout] 174 |     use crate::EthAccount;
[INFO] [stdout]     |
[INFO] [stdout] 
[INFO] [stdout] 
[INFO] [stdout] warning: unused import: `rustc_hex::ToHex`
[INFO] [stdout]    --> src/ethkey.rs:177:9
[INFO] [stdout]     |
[INFO] [stdout] 177 |     use rustc_hex::ToHex;
[INFO] [stdout]     |         ^^^^^^^^^^^^^^^^
[INFO] [stdout]     |
[INFO] [stdout]     = note: `#[warn(unused_imports)]` on by default
[INFO] [stdout] 
[INFO] [stdout] 
[INFO] [stdout] error: aborting due to 17 previous errors; 1 warning emitted
[INFO] [stdout] 
[INFO] [stdout] 
[INFO] [stdout] Some errors have detailed explanations: E0432, E0433.
[INFO] [stdout] 
[INFO] [stdout] For more information about an error, try `rustc --explain E0432`.
[INFO] [stdout] 
[INFO] [stderr] error: could not compile `simple_keystore`
[INFO] [stderr] 
[INFO] [stderr] To learn more, run the command again with --verbose.
[INFO] running `Command { std: "docker" "inspect" "d9e4e111de960767140f7ba238f60d65d6ec8c1af7c541414cc2e8da44ca321c", kill_on_drop: false }`
[INFO] running `Command { std: "docker" "rm" "-f" "d9e4e111de960767140f7ba238f60d65d6ec8c1af7c541414cc2e8da44ca321c", kill_on_drop: false }`
[INFO] [stdout] d9e4e111de960767140f7ba238f60d65d6ec8c1af7c541414cc2e8da44ca321c
